e number?
True
Is 8181907127 a prime number?
True
Is 4200146143 a composite number?
True
Is 31945071682 composite?
True
Is 83471491 a prime number?
False
Is 6073097803 composite?
True
Is 24950750291 a composite number?
False
Is 292483567 a composite number?
True
Is 24490937915 prime?
False
Is 2173838201 a composite number?
False
Is 69888807563 a prime number?
True
Is 53554336493 a prime number?
False
Is 4145085499 composite?
True
Is 32607029003 composite?
True
Is 225796645 a prime number?
False
Is 196707353 prime?
True
Is 6283435 composite?
True
Is 72309542351 prime?
True
Is 201611339 composite?
False
Is 99024649 composite?
False
Is 3528453371 a prime number?
False
Is 253284937 a prime number?
True
Is 436994323 a prime number?
True
Is 380530985 a composite number?
True
Is 11696126929 a prime number?
True
Is 852833341 a composite number?
False
Is 1207487977 a prime number?
True
Is 1661946409 a composite number?
False
Is 49281630479 a prime number?
False
Is 25307196701 a composite number?
True
Is 5529833851 prime?
True
Is 117227305051 a composite number?
True
Is 1709181283 a prime number?
False
Is 641014271 a composite number?
False
Is 61667863277 a composite number?
False
Is 14971376741 a prime number?
False
Is 2927352671 composite?
False
Is 59830246591 a prime number?
True
Is 14521856191 prime?
True
Is 66913546855 composite?
True
Is 5330549221 a prime number?
True
Is 4113520171 prime?
True
Is 151804571 prime?
True
Is 2271172997 a composite number?
False
Is 33315470777 prime?
True
Is 44040602191 composite?
True
Is 10609062911 prime?
True
Is 179067731 prime?
False
Is 1778560051 composite?
True
Is 107558261969 a composite number?
False
Is 237924120823 a prime number?
False
Is 415569799 prime?
False
Is 27233005909 prime?
True
Is 12369867511 a composite number?
True
Is 1257695801 composite?
True
Is 128784996583 a prime number?
False
Is 14565898387 composite?
True
Is 209322553 a composite number?
True
Is 46826690657 a composite number?
True
Is 19983133969 a composite number?
False
Is 2917432841 composite?
False
Is 3749997743 prime?
False
Is 57914271449 prime?
True
Is 66637273943 a prime number?
False
Is 1018700273 a prime number?
False
Is 8761360271 prime?
False
Is 401425979 prime?
True
Is 1613070191 prime?
True
Is 5217956762 a prime number?
False
Is 1747491583 a composite number?
True
Is 120863122078 a prime number?
False
Is 11432378327 a prime number?
True
Is 18239301203 composite?
False
Is 16948214799 composite?
True
Is 44237853949 a composite number?
True
Is 747141539 composite?
False
Is 205212889 a composite number?
True
Is 32185881713 a prime number?
True
Is 202984231 composite?
False
Is 1097190697 a composite number?
False
Is 2049696287 composite?
False
Is 2091514253 a prime number?
True
Is 487733783 prime?
False
Is 58598124193 prime?
False
Is 91769015441 composite?
False
Is 1050266957 prime?
False
Is 48765402073 prime?
True
Is 171465677207 a composite number?
True
Is 241688809 composite?
True
Is 2327653091 a prime number?
False
Is 64062679543 a prime number?
True
Is 154193521 a composite number?
False
Is 31582817129 a composite number?
False
Is 26046337769 a composite number?
False
Is 128889594643 a prime number?
True
Is 28591080839 a composite number?
False
Is 1589364109 prime?
False
Is 49749310379 prime?
True
Is 13287263237 a composite number?
False
Is 177631693 a composite number?
True
Is 2297662249 prime?
True
Is 761989846 prime?
False
Is 378114811 a prime number?
False
Is 987155467 a prime number?
True
Is 6643979591 prime?
False
Is 8829318063 a composite number?
True
Is 11526186899 a prime number?
True
Is 576628361 a composite number?
True
Is 104437709 a prime number?
False
Is 95579970187 prime?
False
Is 2044330319 a prime number?
False
Is 89621174083 a prime number?
False
Is 3963386023 composite?
False
Is 2744842601 a prime number?
True
Is 3254061557 prime?
True
Is 38172849577 composite?
False
Is 306320551 prime?
False
Is 91756285 a composite number?
True
Is 740461187 a composite number?
False
Is 15579360074 composite?
True
Is 3616607519 composite?
True
Is 174580853 a prime number?
True
Is 13029163178 prime?
False
Is 629273551 composite?
True
Is 26678406871 composite?
False
Is 588997399 a composite number?
True
Is 1975901099 a composite number?
False
Is 22218132803 composite?
False
Is 603229063 a composite number?
True
Is 8424740659 a prime number?
False
Is 441636847 a composite number?
True
Is 46547381 composite?
True
Is 190281601 a prime number?
False
Is 29069837503 prime?
False
Is 104655857 a composite number?
True
Is 10053984079 prime?
True
Is 12584224811 composite?
False
Is 222007336741 composite?
False
Is 21251171167 a prime number?
False
Is 126731207 prime?
False
Is 173310206681 a composite number?
False
Is 1204877591 prime?
True
Is 10315733639 prime?
True
Is 905875891 a composite number?
True
Is 784986563 composite?
True
Is 110935805819 a prime number?
True
Is 15536489513 prime?
False
Is 2210398753 a prime number?
True
Is 2845560461 prime?
False
Is 89603407 prime?
False
Is 771461783 a composite number?
False
Is 20125362997 a composite number?
True
Is 823266253 composite?
False
Is 20394876107 a composite number?
False
Is 17677277227 a prime number?
False
Is 346446509 a composite number?
False
Is 15059390659 a prime number?
False
Is 85733509 a prime number?
False
Is 7028663177 composite?
False
Is 5356568153 prime?
True
Is 14867306579 a composite number?
False
Is 14774698529 a composite number?
False
Is 44476904429 composite?
False
Is 2174701457 composite?
False
Is 15080738587 a prime number?
True
Is 52371569749 prime?
False
Is 6799035739 a prime number?
False
Is 470878943 composite?
False
Is 9815235635 a prime number?
False
Is 9451344005 a composite number?
True
Is 17295129113 composite?
True
Is 1627565671 composite?
False
Is 5583910207 a prime number?
True
Is 555831499 prime?
True
Is 1412262701 composite?
True
Is 66571457 composite?
False
Is 94613178923 prime?
False
Is 19501208527 a prime number?
False
Is 238500826231 a composite number?
False
Is 1077814051 composite?
True
Is 540583943 a prime number?
True
Is 536922049 a composite number?
True
Is 7082198609 prime?
False
Is 2583716563 prime?
True
Is 4952166727 a composite number?
True
Is 45937178957 composite?
True
Is 2456103997 a composite number?
False
Is 18337063729 composite?
True
Is 5167063763 prime?
True
Is 6861335639 composite?
True
Is 7399877 a composite number?
True
Is 230332391 prime?
True
Is 131788447261 a composite number?
True
Is 266914987 composite?
False
Is 4188071269 composite?
True
Is 1739604821 prime?
False
Is 6959524613 a prime number?
False
Is 6625090283 prime?
False
Is 19105895209 a prime number?
True
Is 526692523783 a composite number?
False
Is 19049088551 a prime number?
False
Is 4283524009 prime?
False
Is 8011616557 composite?
True
Is 4150646753 prime?
False
Is 4793457939 composite?
True
Is 6436034587 prime?
False
Is 6770480203 a prime number?
True
Is 29330443409 a prime number?
False
Is 211836722051 a composite number?
False
Is 16281363563 a prime number?
False
Is 13606282301 a composite number?
True
Is 3295466977 a composite number?
True
Is 21142711363 a composite number?
False
Is 84392863397 a prime number?
True
Is 19171670645 prime?
False
Is 10095414271 prime?
False
Is 36380290889 a composite number?
False
Is 87360022561 composite?
True
Is 10015179437 prime?
True
Is 1826109287 composite?
False
Is 20171444851 prime?
False
Is 3063288139 prime?
True
Is 3434136863 composite?
False
Is 3635924101 a prime number?
False
Is 123439049711 a prime number?
True
Is 119651096161 composite?
False
Is 3577306543 a prime number?
True
Is 9634516327 prime?
True
Is 2498254009 composite?
True
Is 2862090037 prime?
False
Is 86904629603 a composite number?
True
Is 761284309 a composite number?
False
Is 3288924059 a composite number?
False
Is 781675039 a prime number?
True
Is 4150721051 a prime number?
True
Is 2985517105 composite?
True
Is 5871372929 a composite number?
False
Is 346823023 composite?
False
Is 1502619277 composite?
False
Is 1822118071 a prime number?
True
Is 2626702369 prime?
True
Is 117284281 a prime number?
False
Is 56908461551 composite?
True
Is 7516986683 composite?
True
Is 3927165757 a composite number?
True
Is 1082138753 composite?
True
Is 45188412653 a